{"id":93,"date":"2020-11-21T21:00:39","date_gmt":"2020-11-21T20:00:39","guid":{"rendered":"http:\/\/asso-osem.fr\/?page_id=93"},"modified":"2023-09-17T13:54:23","modified_gmt":"2023-09-17T11:54:23","slug":"vous-souhaitez-parrainer-un-etudiant-e","status":"publish","type":"page","link":"https:\/\/asso-osem.fr\/index.php\/vous-etes\/vous-souhaitez-parrainer-un-etudiant-e\/","title":{"rendered":"Vous souhaitez parrainer un\u00b7e \u00e9tudiant\u00b7e"},"content":{"rendered":"<p><\/p>\n\n\n<\/p>\n<p><img style=\"width: 100px;\" src=\"http:\/\/asso-osem.fr\/wp-content\/uploads\/2020\/11\/iconmonstr-customer-10-240.png\" alt=\"\" \/><\/p>\n<p>\n\n\n\n<\/p>\n<p>Nous mettons en relation chaque \u00e9tudiant\u00b7e le souhaitant avec <strong>un tuteur\u00b7trice parmi les personnels de l\u2019universit\u00e9 et\/ou un parrain\/une marraine de la soci\u00e9t\u00e9 civile, et\/ou un bin\u00f4me \u00e9tudiant\u00b7e<\/strong>.<\/p>\n<p>\n\n\n\n<\/p>\n<p>Ce tutorat \/ parrainage vise \u00e0 rompre l\u2019isolement frappant les \u00e9tudiant\u00b7e\u00b7s fragilis\u00e9\u00b7e\u00b7s.<\/p>\n<p>\n\n\n\n<\/p>\n<p>Il permet aussi <strong>un accompagnement des \u00e9tudiant\u00b7e\u00b7s vers les syst\u00e8mes d\u2019aides<\/strong>, telles que celles fournies par le CROUS Orl\u00e9ans-Tours et les services d\u00e9di\u00e9s de l\u2019universit\u00e9 d\u2019Orl\u00e9ans, ainsi que vers les diverses distributions de colis alimentaires, qu\u2019elles soient organis\u00e9es par des associations sp\u00e9cialis\u00e9es dans l\u2019aide alimentaire, ou par d\u2019autres collectifs.<br \/><\/p>\n<p>\n\n\n\n<\/p>\n<p><strong>Notre \u00e9quipe de volontaires peut s\u2019agrandir ! Vous \u00eates personnels de l\u2019universit\u00e9, \u00e9tudiant\u00b7e\u00b7s, membres de la soci\u00e9t\u00e9 civile et vous voulez devenir tuteur\/parrain\/marraine ? <\/strong><\/p>\n<p>\n\n\n\n<\/p>\n<p><strong>\u00c9crivez<\/strong> \u00e0 <a href=\"mailto:benevole.osem@gmail.com\">benevole.osem[a]gmail.com<\/a><\/p>\n<p>\n\n\n<p><\/p>","protected":false},"excerpt":{"rendered":"<p>Nous mettons en relation chaque \u00e9tudiant\u00b7e le souhaitant avec un tuteur\u00b7trice parmi les personnels de l\u2019universit\u00e9 et\/ou un parrain\/une marraine de la soci\u00e9t\u00e9 civile, et\/ou un bin\u00f4me \u00e9tudiant\u00b7e. Ce tutorat \/ parrainage vise \u00e0 rompre l\u2019isolement frappant les \u00e9tudiant\u00b7e\u00b7s fragilis\u00e9\u00b7e\u00b7s. Il permet aussi un accompagnement des \u00e9tudiant\u00b7e\u00b7s vers les syst\u00e8mes d\u2019aides, telles que celles fournies [&hellip;]<\/p>\n","protected":false},"author":1,"featured_media":0,"parent":117,"menu_order":0,"comment_status":"closed","ping_status":"closed","template":"","meta":[],"_links":{"self":[{"href":"https:\/\/asso-osem.fr\/index.php\/wp-json\/wp\/v2\/pages\/93"}],"collection":[{"href":"https:\/\/asso-osem.fr\/index.php\/wp-json\/wp\/v2\/pages"}],"about":[{"href":"https:\/\/asso-osem.fr\/index.php\/wp-json\/wp\/v2\/types\/page"}],"author":[{"embeddable":true,"href":"https:\/\/asso-osem.fr\/index.php\/wp-json\/wp\/v2\/users\/1"}],"replies":[{"embeddable":true,"href":"https:\/\/asso-osem.fr\/index.php\/wp-json\/wp\/v2\/comments?post=93"}],"version-history":[{"count":14,"href":"https:\/\/asso-osem.fr\/index.php\/wp-json\/wp\/v2\/pages\/93\/revisions"}],"predecessor-version":[{"id":564,"href":"https:\/\/asso-osem.fr\/index.php\/wp-json\/wp\/v2\/pages\/93\/revisions\/564"}],"up":[{"embeddable":true,"href":"https:\/\/asso-osem.fr\/index.php\/wp-json\/wp\/v2\/pages\/117"}],"wp:attachment":[{"href":"https:\/\/asso-osem.fr\/index.php\/wp-json\/wp\/v2\/media?parent=93"}],"curies":[{"name":"wp","href":"https:\/\/api.w.org\/{rel}","templated":true}]}}