{"id":5,"date":"2020-11-21T20:04:50","date_gmt":"2020-11-21T19:04:50","guid":{"rendered":"http:\/\/asso-osem.fr\/?page_id=5"},"modified":"2023-09-30T10:58:41","modified_gmt":"2023-09-30T08:58:41","slug":"accueil","status":"publish","type":"page","link":"https:\/\/asso-osem.fr\/","title":{"rendered":"Orl\u00e9ans Soutient les Etudiant\u00b7e\u00b7s du Monde"},"content":{"rendered":"\n<div class=\"wp-block-image\"><figure class=\"alignleft\"><a href=\"http:\/\/asso-osem.fr\/index.php\/vous-etes-etudiant-e\/\"><img src=\"http:\/\/asso-osem.fr\/wp-content\/uploads\/2020\/11\/iconmonstr-school-25-240-150x150.png\" alt=\"\"\/><\/a><figcaption>Vous \u00eates \u00e9tudiant\u00b7e<\/figcaption><\/figure><\/div>\n\n\n\n<div class=\"wp-block-image\"><figure class=\"aligncenter\"><a href=\"http:\/\/asso-osem.fr\/index.php\/nos-missions\/\"><img src=\"http:\/\/asso-osem.fr\/wp-content\/uploads\/2020\/11\/iconmonstr-product-8-240-150x150.png\" alt=\"\"\/><\/a><figcaption>Nos missions<\/figcaption><\/figure><\/div>\n\n\n\n<p><\/p>\n\n\n\n<h2 class=\"has-text-align-center\">RENTR\u00c9E<strong> UNIVERSITAIRE DE SEPTEMBRE 2023 : <\/strong><\/h2>\n\n\n\n<h2 class=\"has-text-align-center\"><strong>L&rsquo;ASSOCIATION O&rsquo;SEM EST TOUJOURS LA POUR AIDER LES ETUDIANT-ES<\/strong><\/h2>\n\n\n\n<p>Vous souhaitez aider un-e \u00e9tudiant-e en situation de pr\u00e9carit\u00e9, vous \u00eates d\u00e9j\u00e0&nbsp;parrain\/marraine ou vous souhaitez le devenir :<\/p>\n\n\n\n<h1 class=\"has-text-align-center\"><a href=\"https:\/\/o-sem.s2.yapla.com\/fr\/process\/adhesion\/#registration-member\" target=\"_blank\" rel=\"noopener\">Adh\u00e9rez \u00e0 l&rsquo;association en cliquant ICI<\/a><\/h1>\n\n\n\n<h1 class=\"has-text-align-center\"><strong><a href=\"https:\/\/o-sem.s2.yapla.com\/fr\/campaign---2534\">Faites un don \u00e0 l&rsquo;association en cliquant ICI<\/a><\/strong><\/h1>\n\n\n\n<h1 class=\"has-text-align-center\"><a href=\"http:\/\/asso-osem.fr\/index.php\/vous-etes\/vous-souhaitez-parrainer-un-etudiant-e\/\">Gr\u00e2ce \u00e0 vous, nous aidons les \u00e9tudiants en difficult\u00e9<\/a><\/h1>\n\n\n\n<p><b>O&rsquo;SEM est une asso<\/b><b>ci<\/b><b>ation reconnue d&rsquo;int\u00e9r\u00eat g\u00e9n\u00e9ral :&nbsp; la r\u00e9duction d&rsquo;imp\u00f4t est \u00e9gale \u00e0 66% du montant du don pour la personne donatrice dans la limite de 20% du revenu soumis \u00e0 l&rsquo;imp\u00f4t sur le revenu ou \u00e9gale \u00e0 60% du montant du don pour les entreprises, dans la limite de 0<\/b><b>,<\/b><b>5 % du chiffre d&rsquo;affaires.<\/b><\/p>\n\n\n\n<h1>&nbsp;<\/h1>\n\n\n\n<p class=\"has-text-align-center\">(Mise \u00e0 jour 17\/09\/23<\/p>\n\n\n\n<h1 class=\"alignwide\"><a href=\"http:\/\/asso-osem.fr\/index.php\/vous-souhaitez-parrainer-un-etudiant-e\/\"><br><img loading=\"lazy\" sizes=\"(max-width: 150px) 100vw, 150px\" srcset=\"http:\/\/asso-osem.fr\/wp-content\/uploads\/2020\/11\/iconmonstr-customer-10-240-150x150.png 150w, http:\/\/asso-osem.fr\/wp-content\/uploads\/2020\/11\/iconmonstr-customer-10-240.png 240w\" width=\"150\" height=\"150\" src=\"http:\/\/asso-osem.fr\/wp-content\/uploads\/2020\/11\/iconmonstr-customer-10-240-150x150.png\" alt=\"\"><\/a><\/h1>\n\n\n\n<p>Parrain\/marraine<\/p>\n\n\n\n<figure class=\"wp-block-image\"><a href=\"http:\/\/asso-osem.fr\/index.php\/le-projet\/\"><img src=\"http:\/\/asso-osem.fr\/wp-content\/uploads\/2020\/11\/iconmonstr-school-7-240-150x150.png\" alt=\"\"\/><\/a><figcaption>T\u00e9moignages et Revue de Presse<\/figcaption><\/figure>\n\n\n\n<figure class=\"wp-block-image\"><a href=\"http:\/\/asso-osem.fr\/index.php\/vous-etes-mecene\/\"><img src=\"http:\/\/asso-osem.fr\/wp-content\/uploads\/2020\/11\/iconmonstr-flip-chart-8-240-150x150.png\" alt=\"\"\/><\/a><figcaption>Vous \u00eates m\u00e9c\u00e8ne<\/figcaption><\/figure>\n\n\n\n<figure class=\"wp-block-image\"><a href=\"http:\/\/asso-osem.fr\/index.php\/nos-partenaires\/\"><img src=\"http:\/\/asso-osem.fr\/wp-content\/uploads\/2020\/11\/iconmonstr-handshake-7-240-150x150.png\" alt=\"\"\/><\/a><figcaption>Nos partenaires<\/figcaption><\/figure>\n","protected":false},"excerpt":{"rendered":"<p>RENTR\u00c9E UNIVERSITAIRE DE SEPTEMBRE 2023 : L&rsquo;ASSOCIATION O&rsquo;SEM EST TOUJOURS LA POUR AIDER LES ETUDIANT-ES Vous souhaitez aider un-e \u00e9tudiant-e en situation de pr\u00e9carit\u00e9, vous \u00eates d\u00e9j\u00e0&nbsp;parrain\/marraine ou vous souhaitez le devenir : Adh\u00e9rez \u00e0 l&rsquo;association en cliquant ICI Faites un don \u00e0 l&rsquo;association en cliquant ICI Gr\u00e2ce \u00e0 vous, nous aidons les \u00e9tudiants en [&hellip;]<\/p>\n","protected":false},"author":1,"featured_media":0,"parent":0,"menu_order":1,"comment_status":"closed","ping_status":"closed","template":"","meta":[],"_links":{"self":[{"href":"https:\/\/asso-osem.fr\/index.php\/wp-json\/wp\/v2\/pages\/5"}],"collection":[{"href":"https:\/\/asso-osem.fr\/index.php\/wp-json\/wp\/v2\/pages"}],"about":[{"href":"https:\/\/asso-osem.fr\/index.php\/wp-json\/wp\/v2\/types\/page"}],"author":[{"embeddable":true,"href":"https:\/\/asso-osem.fr\/index.php\/wp-json\/wp\/v2\/users\/1"}],"replies":[{"embeddable":true,"href":"https:\/\/asso-osem.fr\/index.php\/wp-json\/wp\/v2\/comments?post=5"}],"version-history":[{"count":283,"href":"https:\/\/asso-osem.fr\/index.php\/wp-json\/wp\/v2\/pages\/5\/revisions"}],"predecessor-version":[{"id":2215,"href":"https:\/\/asso-osem.fr\/index.php\/wp-json\/wp\/v2\/pages\/5\/revisions\/2215"}],"wp:attachment":[{"href":"https:\/\/asso-osem.fr\/index.php\/wp-json\/wp\/v2\/media?parent=5"}],"curies":[{"name":"wp","href":"https:\/\/api.w.org\/{rel}","templated":true}]}}